tor of 46691870 and 30.
10
Calculate the greatest common factor of 888 and 36836904.
888
What is the highest common factor of 12713801 and 2386?
1193
What is the highest common factor of 1583563795 and 55?
55
What is the greatest common divisor of 19423705 and 61411?
1981
Calculate the greatest common factor of 3321507 and 587517.
5817
Calculate the greatest common factor of 12051 and 48321.
117
What is the greatest common factor of 2180744 and 44992?
152
Calculate the highest common divisor of 3812875 and 22466.
47
What is the highest common divisor of 12 and 1113371616?
12
What is the greatest common divisor of 92404860 and 48?
12
What is the greatest common divisor of 9276652 and 308?
308
Calculate the highest common factor of 432 and 737736.
24
Calculate the highest common divisor of 52789 and 139473337.
4799
Calculate the greatest common divisor of 25168 and 5356549.
121
Calculate the greatest common divisor of 96 and 5657952.
96
What is the highest common factor of 9179074 and 2786?
398
What is the highest common divisor of 589 and 3340250?
31
Calculate the greatest common factor of 4 and 2636462.
2
Calculate the greatest common factor of 6976 and 838048.
32
Calculate the greatest common divisor of 92750 and 227794.
742
What is the greatest common divisor of 59231 and 1385617?
971
Calculate the greatest common divisor of 14663 and 12351020.
341
What is the greatest common divisor of 727001 and 525393?
319
Calculate the highest common factor of 46263828 and 84.
12
What is the greatest common factor of 27357 and 232848?
33
What is the highest common factor of 667268396 and 1812?
604
Calculate the highest common divisor of 2477310 and 33.
33
Calculate the greatest common factor of 40866705 and 275.
55
What is the greatest common factor of 25575191 and 94?
47
What is the greatest common factor of 8065389 and 3?
3
Calculate the highest common factor of 53652704 and 784.
112
Calculate the greatest common divisor of 45 and 173015820.
45
Calculate the highest common divisor of 140028793 and 302.
151
What is the greatest common divisor of 2417340 and 9210?
30
What is the greatest common divisor of 230 and 55184498?
46
Calculate the highest common factor of 66925 and 217725.
25
Calculate the highest common factor of 44910 and 342885.
15
What is the highest common factor of 2746940 and 19208?
196
Calculate the greatest common factor of 1450730 and 161325.
1195
Calculate the greatest common divisor of 66073000 and 3640.
280
Calculate the highest common factor of 7312123 and 98.
49
Calculate the greatest common divisor of 17 and 134280331.
17
Calculate the highest common factor of 224 and 190315360.
32
Calculate the highest common divisor of 24 and 262648.
8
Calculate the highest common factor of 22235 and 136473983.
4447
Calculate the greatest common factor of 2289 and 45553389.
2289
What is the highest common factor of 42606088 and 2156?
196
Calculate the highest common divisor of 45065169 and 550809.
11241
What is the greatest common divisor of 391064300 and 3300?
1100
What is the greatest common factor of 1592 and 88145657?
199
Calculate the greatest common factor of 14320 and 21868.
4
Calculate the greatest common factor of 5013176 and 896.
56
What is the greatest common divisor of 30324441 and 6366?
3183
Calculate the highest common divisor of 82702832 and 16.
16
What is the greatest common divisor of 1498 and 59813642?
1498
What is the highest common divisor of 99130 and 16054?
46
What is the greatest common divisor of 21712 and 2168486?
2714
Calculate the greatest common factor of 54114 and 4553.
29
What is the highest common divisor of 14984970 and 390?
390
What is the greatest common factor of 338 and 2842034?
26
Calculate the highest common factor of 87 and 65994.
3
What is the highest common divisor of 576 and 1116129216?
192
Calculate the highest common factor of 8855 and 3967799.
253
What is the highest common divisor of 10038 and 26917614?
1434
Calculate the highest common factor of 295812352 and 73.
73
What is the greatest common divisor of 1840832 and 4312?
392
Calculate the highest common factor of 669585 and 3519915.
735
What is the greatest common divisor of 72 and 60445044?
36
What is the greatest common factor of 294 and 3918696?
6
Calculate the greatest common divisor of 507708168 and 24.
24
What is the greatest common factor of 36856510 and 1870?
170
What is the greatest common factor of 1855338480 and 4320?
2160
Calculate the highest common factor of 1073 and 3973406.
29
What is the highest common factor of 82 and 3778?
2
Calculate the greatest common factor of 6804 and 964440.
108
Calculate the highest common factor of 6514650 and 26820.
90
What is the highest common factor of 412140 and 36?
12
Calculate the highest common factor of 404716520 and 52.
52
What is the greatest common factor of 6505905 and 805?
35
Calculate the greatest common divisor of 64 and 9458316.
4
What is the highest common factor of 1269870 and 6090?
210
What is the greatest common factor of 5010736 and 200?
8
What is the highest common divisor of 405955188 and 60?
12
What is the highest common factor of 126 and 9760744?
14
What is the highest common divisor of 1314348 and 609?
21
What is the highest common divisor of 390 and 8280990?
30
Calculate the greatest common divisor of 256 and 2629008.
16
Calculate the highest common divisor of 433598 and 242.
22
Calculate the highest common factor of 37860 and 318012.
12
Calculate the highest common factor of 24640 and 920640.
2240
What is the highest common factor of 46226363 and 131?
131
What is the greatest common divisor of 1406775696 and 48?
48
Calculate the greatest common factor of 2953210224 and 48.
48
What is the greatest common factor of 2100 and 39600?
300
Calculate the highest common divisor of 425898824 and 8.
8
What is the highest common factor of 78475150 and 296?
74
What is the greatest common divisor of 390782 and 878311?
1897
What is the highest common factor of 29772 and 1113194928?
9924
Calculate the greatest common divisor of 78675535 and 10.
5
What is the highest common factor of 30819367 and 6684?
557
What is the highest common divisor of 643 and 47283?
1
Calculate the highest common divisor of 47 and 1051466281.
47
What is the highest common divisor of 149670777 and 1557?
519
What is the highest common factor of 131726 and 1076894?
1358
Calculate the greatest common divisor of 10 and 39466275.
5
Calculate the highest common divisor of 76115 and 13975.
65
Calculate the highest common factor of 1869031 and 34.
17
Calculate the highest common divisor of 716450 and 16821.
623
What is the greatest common factor of 2022 and 51978?
6
Calculate the greatest common factor of 17113 and 88944.
109
What is the highest common divisor of 1960644600 and 3720?
3720
What is the greatest common divisor of 4955588 and 5159?
737
What is the greatest common divisor of 1199 and 509801611?
1199
What is the greatest common divisor of 1480 and 385720?
40
Calculate the highest common divisor of 78715 and 10231.
13
Calculate the greatest common factor of 739652216 and 3496.
3496
Calculate the greatest common divisor of 883167018 and 1104.
138
Calculate the greatest common divisor of 6645080 and 1220.
20
Calculate the highest common factor of 27310910 and 4840.
1210
What is the greatest common divisor of 262368 and 390384?
144
Calculate the greatest common factor of 34176 and 1215384.
2136
Calculate the greatest common factor of 3035714777 and 2369.
2369
Calculate the greatest common divisor of 2071017 and 1157.
13
What is the greatest common divisor of 40 and 23040988?
4
What is the greatest common divisor of 309 and 1328661?
3
Calculate the highest common factor of 152 and 21041892.
76
Calculate the highest common factor of 136190 and 8830.
10
Calculate the highest common divisor of 568416 and 595347.
573
Calculate the greatest common divisor of 504 and 7626612.
84
What is the highest common divisor of 4220 and 28267670?
2110
Calculate the highest common factor of 5016627 and 81.
27
Calculate the greatest common divisor of 252 and 130821404.
28
Calculate the greatest common divisor of 15868194 and 21852.
3642
What is the greatest common divisor of 8789 and 39844673?
517
Calculate the highest common factor o